 -71 = 16*g - 455. What is the remainder when 153 is divided by z(g)?
30
Suppose 0*v - 4*d = -4*v + 20, 5*v + 5*d - 25 = 0. Let o = 13 + -9. Suppose 4*u = h + 82, u - o*h - 23 - v = 0. What is the remainder when 57 is divided by u?
17
Let a = 809 - 771. Suppose 3*g - 527 = 2*m, m + 383 = 3*g - 143. Suppose 4*c - 164 = 4*w, -5*c + a + g = -3*w. Calculate the remainder when c is divided by 12.
9
Suppose 0 = -4*k - k + 25. Suppose -1390 + 205 = -k*b. Calculate the remainder when b is divided by 140/3 + (-280)/(-210).
45
Suppose -x + 3202 = 3*q, 154*x = 155*x - 2*q - 3197. What is the remainder when x is divided by 11?
9
Let x be -14*(-4 - (-5 - -3)). Suppose 25*u + 957 = x*u. What is the remainder when u is divided by 65?
59
Let i = -237 + 252. Calculate the remainder when ((-21)/(-7))/(15/655) is divided by i.
11
Let b = -1516 - -1530. What is the remainder when 128 is divided by b?
2
Let q(t) = t**3 - 6*t**2 + 7. Let m = 15189 - 15080. Calculate the remainder when m is divided by q(6).
4
Suppose -4*s + 45 = 5*n, 3*n - 90 + 100 = 5*s. Calculate the remainder when 12675/(-30)*(-2)/s is divided by 57.
55
Let j(k) = 2*k**2 - 4*k - 76. Calculate the remainder when (-3)/(3/1)*-317 is divided by j(-6).
17
Let x(g) = 19*g - 98. Let l be x(9). Suppose 2*p - l = 3*j - 4*j, 0 = 3*p + j - 109. Calculate the remainder when 50 is divided by p.
14
Let b = -22346 - -22881. Calculate the remainder when b is divided by 36.
31
Suppose 4*f - 246 = -6*f + 184. Calculate the remainder when f is divided by 19.
5
Let t(c) = c**2 + 33*c - 5. What is the remainder when 11176 is divided by t(-35)?
61
Let w be ((0 - -9) + 35)*6. Suppose -4*m = -4*q + 166 + 50, -5*q + 2*m + w = 0. What is the remainder when q is divided by 11?
8
Let p be 1/((-500)/(-166) - 3). Suppose -8*h + p = -125. Let y(m) = 25*m**2 + 3*m - 4. What is the remainder when y(2) is divided by h?
24
Let d = 9132 + -8492. Calculate the remainder when d is divided by 317.
6
Calculate the remainder when (-2 + 10)/(888/349983) is divided by 41.
37
Let r(f) = -f**3 + 48*f**2 + 106*f - 179. What is the remainder when r(50) is divided by 31 - (-1 + 5 - (-32)/(-8))?
28
Suppose 0 = 4*h - 3*h - 111. What is the remainder when h is divided by ((-24)/36)/(2/(-6)) - -17?
16
Suppose 65 - 165 = -4*s. Let w(n) = -7*n + 204. Calculate the remainder when 52 is divided by w(s).
23
Let a(p) = 25*p + 189. Let h be a(-23). Let f = -379 - h. Let t(v) = -v**2 - 6*v - 1. Calculate the remainder when t(-4) is divided by f.
0
Suppose -249*r + 2110 + 5930 = 86*r. Suppose 3*g - 113 - 172 = 0. Calculate the remainder when g is divided by r.
23
Let z(o) = o**3 + 3*o - 30. What is the remainder when 2513 is divided by z(5)?
93
Suppose -390989 = -84*o + 128451 - 130352. Calculate the remainder when o is divided by 231.
12
Let f = 112 + -80. Let s(d) = 3*d**2 - 94*d - 45. Let y(q) = q**3 - q**2 - 4*q + 6. What is the remainder when y(5) is divided by s(f)?
10
Let n = -175 - -177. Suppose -3*k + a = -43, 0*a = -n*k - 2*a + 26. Let c(t) = t**3 + 6*t**2 + 3*t. What is the remainder when k is divided by c(-5)?
4
Calculate the remainder when (-6784)/(-13) + 2/19 + (-228)/(-4693) is divided by 23.
16
Suppose 0*o + 4*o - 12 = 0. Let a(f) = 2*f**3 - 3*f**2 - 4*f + 3. Let n(c) = -183*c - 12409. Calculate the remainder when n(-68) is divided by a(o).
17
Suppose -2*d = -r - 202, -1177*r - 420 = -4*d - 1173*r. What is the remainder when 708 is divided by d?
29
Suppose -2*a + 39 + 23 = 4*n, -4*a + 124 = -4*n. What is the remainder when 110 is divided by a?
17
Let b(h) = -284*h - 1354. Calculate the remainder when b(-9) is divided by 197.
20
Suppose -5*x + 13*x = 16. Let o be x/(-8) + (0 - (-292)/16). Let j = 63 - o. What is the remainder when 87 is divided by j?
42
Let o = 8029 - 7977. Suppose -5*u = -4*k - 2*u + 1438, -2*u = 2*k - 726. Calculate the remainder when k is divided by o.
49
Let r be (-50)/(-20)*4/5. Suppose -r*d + 7*d - 25 = 0. Suppose 20 = p - x, -4*p + 108 = -0*x + 3*x. What is the remainder when p is divided by d?
4
Suppose -22*r - 5*s - 1457 = -25*r, s = -5*r + 2475. Calculate the remainder when r is divided by 118.
22
Let d = 111 + -89. Let c(v) = 16*v**2 - 3 + 18*v**2 + 2*v - 12 - 33*v**2. Calculate the remainder when d is divided by c(-6).
4
Let l be (-4)/(-10) + (-152)/5. Suppose 80*y + 180 + 4780 = 0. Let q = l - y. What is the remainder when 59 is divided by q?
27
Let h(v) = 19*v - 22 + v**2 + 17 - 11. Let g be h(-20). Suppose -3*k - 10 = -3*w - 73, 69 = 5*k + g*w. Calculate the remainder when k is divided by 12.
5
Let f(a) = a**3 + 3*a**2 - 5*a + 2. Let o(i) = i + 3. Let v be o(-7). Calculate the remainder when -41*(2420/77)/(-20) - (-6)/(-14) is divided by f(v).
4
Suppose -33 = -t - 5*k, -3*k = -t - 4*t + 249. Suppose 0 = -4*y + t. Suppose y*r - 100 = 8. What is the remainder when 34 is divided by r?
7
What is the remainder when 900 + (144/16 - -2) is divided by 127?
22
Let w = 91 - 83. Let q = w + 21. Suppose 4*c - 11 - 1 = -4*t, 3*c - t - q = 0. Calculate the remainder when 31 is divided by c.
7
Let g be 46/4 + 1/2. Suppose j - 21 - 6 = q, j + 4*q = g. Calculate the remainder when 12/2*(-188)/(-8)*1 is divided by j.
21
Let a be (-42)/(-5)*1 - (-6)/(-15). Let r = a - 96. Let n = r - -103. What is the remainder when 68 is divided by n?
8
Suppose 0 = -2*x - 0*y + 2*y - 68, -118 = 3*x + 5*y. Let f = 36 + x. Suppose 5*r - 173 - 47 = f. What is the remainder when r is divided by 23?
21
Suppose -12 = -4*d, 5*u + d - 203 = 395. Let r = 192 - u. What is the remainder when r is divided by 37?
36
Suppose -397*z + 2002 = -386*z. What is the remainder when z is divided by 58?
8
Suppose -2*v + 234 = 4*m, 2*v - 209 = -0*m + m. Let w = v + -260. Let o = -80 - w. What is the remainder when o is divided by 25?
23
Suppose 3*d - 103 = -40. Suppose 365 = 3*t - h, 3*t - 103 = 5*h + 246. Let j = t + -68. Calculate the remainder when j is divided by d.
13
Let a(l) = 5*l**3 + 5*l**2 + 3*l - 10. Calculate the remainder when a(6) is divided by 159.
155
Let b(c) = c**3 + 10*c**2 - 3 - 4*c**2 + 7*c**2 - 3*c + 2. Let w = 86 + -99. What is the remainder when 148 is divided by b(w)?
34
Let y(a) = 63*a + 12. What is the remainder when y(1) is divided by 26?
23
Let k = 334 - 340. What is the remainder when -17*(k + (5 - 9)) is divided by 43?
41
Let v = -4 + 21. Let w(f) = 4*f - 21. Let n(q) = 2*q**2 + 7*q - 5. What is the remainder when w(v) is divided by n(-6)?
22
Let y(v) = v**2 - 13*v - 22. Let p be y(-4). Suppose 52 - p = 3*j. Suppose 4*f - 5*f + d = -9, -j*f + 5*d = -6. Calculate the remainder when 37 is divided by f.
11
Suppose 39*z - 44*z = -g - 16, -28 = -4*z - 3*g. What is the remainder when 146 is divided by z?
2
Suppose -3*k + 2*a = -62, 0 = 16*a - 18*a - 2. Suppose -2*z - 16*n = -k*n - 122, 3*z - 143 = -4*n. What is the remainder when z is divided by 14?
11
Suppose -4*r - r = -20, 2*r + 3887 = 5*b. What is the remainder when b is divided by 95*52/(-3952)*208/(-10)?
25
Calculate the remainder when ((-40)/28)/(8/(-14)) + 215930/44 is divided by 14.
10
Let g be -30 + 26 - (-1)/((-2)/(-18)). Suppose n - 4*x = g*n - 116, 93 = 2*n - 5*x. What is the remainder when 49 is divided by n?
15
Let n(k) = 2*k**2 + 23*k + 38. What is the remainder when 946 is divided by n(0)?
34
Suppose -28*c = 5215 - 6727. Let d be (-4)/3*6/(-4). Suppose -d*y + 102 = c. What is the remainder when 44 is divided by y?
20
Let z(g) be the second derivative of -g**4/12 - 7*g**3/2 - 39*g**2/2 - 25*g. Let i be 60/(-3) + 0 - (-4)/2. Calculate the remainder when 46 is divided by z(i).
1
Suppose -2*m - 3*r + 3 = 0, -m + 22 = -4*r + 26. Suppose m = 3*u - 272 - 538. Calculate the remainder when u is divided by 46.
40
Suppose 4*a + 4*p - 2 = 10, -10 = -4*a - 3*p. Suppose 4*s = a + 15. Suppose s*n - n = c - 57, n = -3. What is the remainder when 239 is divided by c?
47
Let z = 1949 - 1752. Calculate the remainder when 639 is divided by z.
48
Let h(g) = 2*g - 15. Let t be (-106)/(-9) + (-18)/(-81). Let j be h(t). Calculate the remainder when (-254)/(-3) - (-3)/j is divided by 30.
25
Let l(j) = 2*j**3 + 2*j + 483. Let h be l(0). Suppose 3*o + 6 = h. Let g = -94 + o. What is the remainder when g is divided by 6?
5
Let b be (7/21)/((-2)/18). Let x = b + 128. Suppose -28 = -11*d + 71. What is